 7. Let f be a(5). Suppose -f*c + 22 + 14 = -s, -2*c = 4*s - 16. Calculate the remainder when (-3)/(-7) - 326/(-7) is divided by c.
15
Let u(g) = 2*g - 8*g**3 + 0*g**2 + 7*g**3 + 4 + 2*g**2. Let m be u(3). Let p(l) = 5*l**3 + l**2 - l. Calculate the remainder when 9 is divided by p(m).
4
Calculate the remainder when 16 is divided by (-2)/(-8)*34 - 6/4.
2
Let b(n) be the second derivative of n**5/20 + 5*n**4/12 + n**3/3 + 5*n**2/2 + 2*n. What is the remainder when ((-4)/3)/(3/(-54)) is divided by b(-4)?
11
Let o = 16 + -9. Suppose -2*g + o = -3*g. Let c = g + 8. What is the remainder when 1 is divided by c?
0
Suppose 6*q - 4*q - 18 = 0. Calculate the remainder when (-6)/q - 58/(-6) is divided by 4.
1
Let z(s) = -7*s + 3. Let k(h) = -15*h + 6. Let u(g) = -4*k(g) + 7*z(g). Calculate the remainder when 37 is divided by u(2).
18
Let f = 8 + -3. Suppose -2*g - x + 25 = 0, -f*x + 19 = 4*g - 16. Calculate the remainder when g is divided by 8.
7
Suppose -11 = -z + 4*r, -3*r - 59 = -3*z - 4*r. Let d(t) = -35*t**3 + 2*t**2 + t. Calculate the remainder when d(-1) is divided by z.
17
What is the remainder when 98 is divided by (-5 - -3 - -27)/(1 - 0)?
23
Let c(s) be the third derivative of -s**6/120 + 7*s**5/60 + s**4/24 + s**3/3 - 3*s**2. What is the remainder when 26 is divided by c(7)?
8
Suppose 104 = 2*u + 2*u. Let i = 38 - u. What is the remainder when 23 is divided by i?
11
Suppose 0 = 4*w + 25 - 1. Let r(g) = -g**3 - 4*g**2 + 4*g + 1. Calculate the remainder when r(w) is divided by 13.
10
Let q = 36 + -21. Suppose -x - p + 11 = 0, p + 41 = 4*x + 4*p. What is the remainder when q is divided by x?
7
Let a = 10 + 1. Let d = 32 - 11. Calculate the remainder when d is divided by a.
10
Suppose -3*p = 4*l + 20, -5*p + 2*l = -0*l - 10. Suppose 2*v = -t + 3*t + 2, -2*v + t + 1 = p. Let n = v - -18. Calculate the remainder when 53 is divided by n.
17
Suppose 2*x = -0*x + 170. Suppose -3*a - 2*l + x = 0, -5*l + 32 + 93 = 4*a. What is the remainder when 74 is divided by a?
24
Let z(c) = 2. Let i(x) = x + 1. Let m(d) = -2*i(d) + z(d). Calculate the remainder when 19 is divided by m(-5).
9
Let y(n) = n**2 + 8*n + 9. Suppose 0 = -u - 4*m - 35, -4*u + 2*m - 23 = 63. Let k = -13 - u. What is the remainder when y(-9) is divided by k?
8
Suppose 4*l - 175 = 37. Let t = 0 + 0. Suppose 0*c = 3*s - 2*c - 54, t = -2*s + c + 36. What is the remainder when l is divided by s?
17
Suppose -140 = -4*w + 4*r, 0 = -0*r - 2*r - 4. Calculate the remainder when 96 is divided by w.
30
Suppose 0 = 2*x + 4 + 2, -v = -2*x - 19. Suppose -250 = -5*l - 3*z - 72, 2*l = -3*z + 64. Calculate the remainder when l is divided by v.
12
Let f(r) = r - 1. Let k be f(3). Suppose k = -5*l + 12. Suppose -8*x - 4*c = -4*x - 108, -5*x + 156 = -l*c. What is the remainder when x is divided by 16?
14
Let k(o) = -o**3 + 7*o**2 - 5*o - 6. Suppose 4*x + 40 = -4*f, 5*x - 3*x = -3*f - 33. Let m = f + 18. What is the remainder when k(m) is divided by 10?
9
Suppose -2*h = -y - 9 - 14, 0 = 5*h + y - 54. What is the remainder when 19 is divided by h?
8
Suppose -5*a + 144 + 41 = 0. Suppose b + 4 = a. Let q(x) = -4*x - 15. What is the remainder when b is divided by q(-6)?
6
Let n(t) = -17*t - 1. Calculate the remainder when n(-2) is divided by 9.
6
Suppose 0*p + 2*p - 60 = -z, 4*z = 3*p - 79. Let a = -7 - -10. Suppose 17 = a*l - 13. What is the remainder when p is divided by l?
9
What is the remainder when 3 - (1 - -3) - -23 is divided by 8?
6
Suppose 2*w + 12 = 3*w. Calculate the remainder when 30 is divided by w.
6
Suppose 0 = -3*p - 19 + 145. Let x = p - 21. Calculate the remainder when ((-1)/(-2))/(21/1722) is divided by x.
20
Let g(z) = 37*z**3 + z - 1. Suppose 5 = -s + 6*s. What is the remainder when g(s) is divided by 13?
11
Let h(r) = -r**3 - r**2 + r. Calculate the remainder when 103 is divided by h(-3).
13
Let m = -22 + 16. Let g be 1 - 1 - (-45 - m). Suppose 5*y = 2*y + g. Calculate the remainder when 38 is divided by y.
12
Suppose -y + 2*f + 46 = y, f = -4*y + 107. Suppose 4*q = 2*s - 17 - 1, 5*q + 33 = 4*s. What is the remainder when y is divided by s?
5
Let i(r) = -6*r + 1 + 5*r - 5*r. Let n(z) = z**3 - 3*z**2 - 5*z - 5. Calculate the remainder when n(5) is divided by i(-1).
6
Suppose -2*n - 12 = -4*n. Let p(b) = -b - 7. Let t be p(-5). What is the remainder when -2 + 5 - (-16 - t) is divided by n?
5
Let s = -2 - 0. Let y = 52 - s. Suppose 0 = 4*c + 5*z - 84, -4*c + 26 + y = 4*z. Calculate the remainder when 30 is divided by c.
14
Let v(g) be the second derivative of 5*g**3/6 - 7*g**2 + g. Calculate the remainder when v(10) is divided by 19.
17
Suppose 0 = w + 2*v - 5, -v = -2*w - 4*v + 5. Let q = -3 - w. Calculate the remainder when q is divided by 2.
0
Let k(i) = -i**3 + 10*i**2 + 11*i + 15. What is the remainder when k(11) is divided by 3?
0
Let a(q) = -7*q - 1. Calculate the remainder when 162 is divided by a(-6).
39
Suppose -5*i = k - 32, k - 5*k - 3*i + 60 = 0. Calculate the remainder when 35 is divided by (32/k)/4*18.
11
Let o be (-20)/25*5*-1. Let m(b) = -b**2 + 10*b - 2. Calculate the remainder when 86 is divided by m(o).
20
Suppose n - 24 = -2*k + 3*n, -5*k = 2*n - 39. What is the remainder when 25 is divided by k?
7
Let k(p) = -p**3 + 10*p**2 - 13*p - 15. Calculate the remainder when 78 is divided by k(8).
6
Suppose -44 = -5*u + 221. Calculate the remainder when u is divided by 14.
11
Suppose 4 = 5*k - 4*k. Suppose -15 = x + k*x, 4*i - 66 = 2*x. What is the remainder when 43 is divided by i?
13
Suppose 0 = -2*a - 0*a - 4, y - 19 = a. What is the remainder when 83 is divided by y?
15
Let x(i) = -3*i + 2. Suppose -8*v - 20 = -3*v. What is the remainder when 9/12 - (-303)/12 is divided by x(v)?
12
Suppose -5*c = 2 - 167. Calculate the remainder when 97 is divided by c.
31
Let z(g) = 2 - 5 - 4 - g. Let m be z(-6). What is the remainder when (-2)/(-2) + (-57)/m is divided by 20?
18
Suppose 9 - 33 = -4*b. Calculate the remainder when 180/42*14/3 is divided by b.
2
Let t(u) = 5*u**2 - u - 2. Calculate the remainder when 47 is divided by t(2).
15
Let d(s) = -s**3 - 3*s**2 + 3*s + 4. Suppose -4*o = 3*q + 25, -5*q = -5*o - 1 - 4. Calculate the remainder when 21 is divided by d(o).
5
Let t be -8*(-1 + (-9)/(-12)). Suppose -4*m = -2*h + 2, 7*h - 41 = 2*h - t*m. Calculate the remainder when 11 is divided by h.
4
Let b = -42 - -58. What is the remainder when 21 is divided by b?
5
Let g = 14 - 8. Let r be (-4)/g*12/(-2). Suppose 0 = -2*k - 5*i + 127, -4*k + r*i + 75 = -137. What is the remainder when k is divided by 19?
18
Let h = -29 - -35. What is the remainder when 9 is divided by h?
3
Let u(t) = -t**3 - 7*t**2 + 5*t - 2. Calculate the remainder when 78 is divided by u(-8).
12
Let u be -1 - 2*-1 - -2. Suppose n + 5*w + 21 = -5, 0 = 5*n + u*w + 64. Let l = 25 + n. Calculate the remainder when 27 is divided by l.
13
What is the remainder when ((-391)/(-34))/(2/4) is divided by 13?
10
Let b(m) = 7*m + 32. Let g(p) = -3*p - 16. Let r(x) = -2*b(x) - 5*g(x). Calculate the remainder when (47*1)/(2/2) is divided by r(0).
15
Let r(j) = -5*j + 3. Suppose 3*y - 3*d - 65 = -y, 0 = 4*d + 12. Calculate the remainder when r(-7) is divided by y.
10
Suppose -6*h + h + 70 = 3*d, -12 = -d + 4*h. Suppose 5 + 5 = -2*n - 2*m, 5*n - 4*m = d. Suppose n = 2*q - 5 - 15. What is the remainder when 29 is divided by q?
9
What is the remainder when 26 is divided by 68/(-85)*(-35)/2?
12
Let h = 31 + 57. Calculate the remainder when h is divided by 15.
13
Let l(y) = -y**2 - 3*y + 1. Let s be l(-3). Let c = s + 5. Calculate the remainder when 17 is divided by c.
5
Let j = -3 + 14. What is the remainder when 28 is divided by j?
6
Let b(q) = q**2 - 5*q + 1. What is the remainder when 20 is divided by b(6)?
6
Suppose -m + 3*s + 32 = -2*s, -s - 12 = -m. Calculate the remainder when (-2 - -1)/(3/(-75)) is divided by m.
4
Calculate the remainder when 17 is divided by (-23)/(-2) + -1 + 5/10.
6
Let y = -10 + -10. Let l be (-88)/y - (-2)/(-5). Suppose l*m - 221 = -5*w, -w + 5*w - 144 = 5*m. Calculate the remainder when w is divided by 11.
8
Suppose -r = 3*r + 4*w, -4*r + 2*w - 6 = 0. Let f(o) = 25*o**2 - 2*o - 1. Let z be f(r). Let x = z + -15. Calculate the remainder when x is divided by 6.
5
Let o(x) = -x + 5. Suppose -5*i = -3*i - 14. Let